{"id":4343,"date":"2022-02-18T12:02:38","date_gmt":"2022-02-18T12:02:38","guid":{"rendered":"https:\/\/www.kneippen4you.ch\/cms\/?post_type=project&#038;p=4343"},"modified":"2022-02-18T12:59:34","modified_gmt":"2022-02-18T12:59:34","slug":"kinder-nachmittag","status":"publish","type":"project","link":"https:\/\/www.kneippen4you.ch\/cms\/?project=kinder-nachmittag","title":{"rendered":"Kinder-Nachmittag"},"content":{"rendered":"<p>[et_pb_section fb_built=&#8220;1&#8243; _builder_version=&#8220;4.14.7&#8243; _module_preset=&#8220;default&#8220; global_colors_info=&#8220;{}&#8220;][et_pb_row _builder_version=&#8220;4.14.7&#8243; _module_preset=&#8220;default&#8220; global_colors_info=&#8220;{}&#8220;][et_pb_column type=&#8220;4_4&#8243; _builder_version=&#8220;4.14.7&#8243; _module_preset=&#8220;default&#8220; global_colors_info=&#8220;{}&#8220;][et_pb_text admin_label=&#8220;\u00dcberschrift&#8220; _builder_version=&#8220;4.14.7&#8243; _module_preset=&#8220;default&#8220; header_text_align=&#8220;center&#8220; header_2_text_align=&#8220;center&#8220; global_colors_info=&#8220;{}&#8220;]<\/p>\n<h1>Kinder-Nachmittag<\/h1>\n<p>[\/et_pb_text][et_pb_text admin_label=&#8220;Zwischenunterschrift&#8220; _builder_version=&#8220;4.14.7&#8243; _module_preset=&#8220;default&#8220; text_font_size=&#8220;20px&#8220; text_orientation=&#8220;center&#8220; global_colors_info=&#8220;{}&#8220;]<\/p>\n<p>An einem Nachmittag unterwegs mit Tropf und Tr\u00f6pfli.<\/p>\n<p>[\/et_pb_text][et_pb_divider color=&#8220;#F4A700&#8243; divider_weight=&#8220;6px&#8220; admin_label=&#8220;Teiler&#8220; _builder_version=&#8220;4.14.7&#8243; _module_preset=&#8220;default&#8220; width=&#8220;17%&#8220; module_alignment=&#8220;center&#8220; global_colors_info=&#8220;{}&#8220;][\/et_pb_divider][\/et_pb_column][\/et_pb_row][et_pb_row admin_label=&#8220;Bild &#8220; _builder_version=&#8220;4.14.7&#8243; _module_preset=&#8220;default&#8220; background_image=&#8220;https:\/\/www.kneippen4you.ch\/cms\/wp-content\/uploads\/2022\/02\/M85_5096.jpg&#8220; global_colors_info=&#8220;{}&#8220;][et_pb_column type=&#8220;4_4&#8243; _builder_version=&#8220;4.14.7&#8243; _module_preset=&#8220;default&#8220; global_colors_info=&#8220;{}&#8220;][et_pb_divider show_divider=&#8220;off&#8220; _builder_version=&#8220;4.14.7&#8243; _module_preset=&#8220;default&#8220; custom_padding=&#8220;||500px||false|false&#8220; global_colors_info=&#8220;{}&#8220;][\/et_pb_divider][\/et_pb_column][\/et_pb_row][\/et_pb_section][et_pb_section fb_built=&#8220;1&#8243; _builder_version=&#8220;4.14.7&#8243; _module_preset=&#8220;default&#8220; global_colors_info=&#8220;{}&#8220;][et_pb_row column_structure=&#8220;1_2,1_2&#8243; _builder_version=&#8220;4.14.7&#8243; _module_preset=&#8220;default&#8220; global_colors_info=&#8220;{}&#8220;][et_pb_column type=&#8220;1_2&#8243; _builder_version=&#8220;4.14.7&#8243; _module_preset=&#8220;default&#8220; global_colors_info=&#8220;{}&#8220;][et_pb_text admin_label=&#8220;Leistungen&#8220; _builder_version=&#8220;4.14.7&#8243; _module_preset=&#8220;default&#8220; global_colors_info=&#8220;{}&#8220;]<\/p>\n<h2>Leistungen:<\/h2>\n<p>Es besteht die M\u00f6glichkeit an einem Mittwoch oder Samstag Nachmittag ein kunterbuntes Programm mit den 5 Kneipp-S\u00e4ulen zu erleben.<\/p>\n<p>Mal wird gekocht, mal werden Kr\u00e4uter gesucht und ein andermal werden die Kr\u00e4uter verarbeitet. Wir gehen mal wandern im nahe gelegenen Wald und machen danach ein Feuer im Kneippgarten. Nat\u00fcrlich m\u00fcssen wir die Wasseranwendungen vom Pfarrer Sebastian Kneipp kennen lernen &#8211; das macht immer am meisten Spass. Weil diese Aktivit\u00e4ten den Appetit anregen, wird immer was gesundes &#8222;geknabbert&#8220;. Auf jeden Fall d\u00fcrfen die Geschichten von Tropf und Tr\u00f6pfli nicht fehlen &#8211; die begleiten uns an einem solchen Nachmittag.<\/p>\n<p>Bei sch\u00f6nem Wetter sind wir immer draussen und bei Regen drinnen.<\/p>\n<p>Es k\u00f6nnen kleine Gruppen durch Mamis organisiert werden oder achten Sie die Ausschreibung in der lokalen Zeitung.<\/p>\n<p>&nbsp;<\/p>\n<p>[\/et_pb_text][\/et_pb_column][et_pb_column type=&#8220;1_2&#8243; _builder_version=&#8220;4.14.7&#8243; _module_preset=&#8220;default&#8220; global_colors_info=&#8220;{}&#8220;][et_pb_text admin_label=&#8220;Aufenthaltsdauer und Preis:&#8220; _builder_version=&#8220;4.14.7&#8243; _module_preset=&#8220;default&#8220; global_colors_info=&#8220;{}&#8220;]<\/p>\n<h2>Dauer und Preis:<\/h2>\n<p>[\/et_pb_text][et_pb_text admin_label=&#8220;Preis und Datum&#8220; _builder_version=&#8220;4.14.7&#8243; _module_preset=&#8220;default&#8220; text_font=&#8220;||||||||&#8220; text_text_color=&#8220;#000000&#8243; header_font=&#8220;|700|||||||&#8220; header_text_color=&#8220;#BC1A1A&#8220; header_2_text_color=&#8220;#737D0C&#8220; background_color=&#8220;rgba(115,125,12,0.07)&#8220; custom_padding=&#8220;20px|20px|20px|20px|false|false&#8220; border_width_all=&#8220;2px&#8220; border_color_all=&#8220;#737D0C&#8220; border_style_all=&#8220;dotted&#8220; global_colors_info=&#8220;{}&#8220;]<\/p>\n<p><strong>Dauer:<\/strong> 4 Stunden\u00a0 (14 \u2013 18 Uhr)<\/p>\n<h1>CHF 25.\u2014<\/h1>\n<p>pro Kind (inkl. z&#8217;Vieri)<\/p>\n<p>Dieser Anlass ist geeignet f\u00fcr Kinder von 5 \u2013 12 Jahren.<br \/>Durchf\u00fchrung mit mind. 4 Kindern max. 8 Kindern<br \/><strong>Treffpunkt<\/strong> ist am Rain 15 in 8222 Beringen.<\/p>\n<p>Bitte vorher telefonisch oder per Email anmelden.<\/p>\n<p>[\/et_pb_text][et_pb_button button_url=&#8220;@ET-DC@eyJkeW5hbWljIjp0cnVlLCJjb250ZW50IjoicG9zdF9saW5rX3VybF9wYWdlIiwic2V0dGluZ3MiOnsicG9zdF9pZCI6IjQxOCJ9fQ==@&#8220; button_text=&#8220;Weitere Arrangements&#8220; button_alignment=&#8220;left&#8220; admin_label=&#8220;Button Weitere Arrangements&#8220; _builder_version=&#8220;4.14.7&#8243; _dynamic_attributes=&#8220;button_url&#8220; _module_preset=&#8220;default&#8220; custom_button=&#8220;on&#8220; button_text_size=&#8220;18px&#8220; button_text_color=&#8220;#737D0C&#8220; button_bg_color=&#8220;#FFFFFF&#8220; global_colors_info=&#8220;{}&#8220;][\/et_pb_button][\/et_pb_column][\/et_pb_row][et_pb_row column_structure=&#8220;1_3,1_3,1_3&#8243; _builder_version=&#8220;4.14.7&#8243; _module_preset=&#8220;default&#8220; global_colors_info=&#8220;{}&#8220;][et_pb_column type=&#8220;1_3&#8243; _builder_version=&#8220;4.14.7&#8243; _module_preset=&#8220;default&#8220; global_colors_info=&#8220;{}&#8220;][\/et_pb_column][et_pb_column type=&#8220;1_3&#8243; _builder_version=&#8220;4.14.7&#8243; _module_preset=&#8220;default&#8220; global_colors_info=&#8220;{}&#8220;][et_pb_divider show_divider=&#8220;off&#8220; _builder_version=&#8220;4.14.7&#8243; _module_preset=&#8220;default&#8220; global_colors_info=&#8220;{}&#8220;][\/et_pb_divider][et_pb_button button_url=&#8220;https:\/\/www.kneippen4you.ch\/cms\/?page_id=418#anmeldung&#8220; button_text=&#8220;Anmeldung&#8220; button_alignment=&#8220;center&#8220; admin_label=&#8220;Button Anmeldung&#8220; _builder_version=&#8220;4.14.7&#8243; _module_preset=&#8220;default&#8220; custom_button=&#8220;on&#8220; button_text_size=&#8220;20px&#8220; button_text_color=&#8220;#FFFFFF&#8220; button_bg_color=&#8220;#737D0C&#8220; button_font=&#8220;|700||on|||||&#8220; global_colors_info=&#8220;{}&#8220;][\/et_pb_button][\/et_pb_column][et_pb_column type=&#8220;1_3&#8243; _builder_version=&#8220;4.14.7&#8243; _module_preset=&#8220;default&#8220; global_colors_info=&#8220;{}&#8220;][\/et_pb_column][\/et_pb_row][et_pb_row _builder_version=&#8220;4.14.7&#8243; _module_preset=&#8220;default&#8220; global_colors_info=&#8220;{}&#8220;][et_pb_column type=&#8220;4_4&#8243; _builder_version=&#8220;4.14.7&#8243; _module_preset=&#8220;default&#8220; global_colors_info=&#8220;{}&#8220;][et_pb_post_nav _builder_version=&#8220;4.14.7&#8243; _module_preset=&#8220;default&#8220; global_colors_info=&#8220;{}&#8220;][\/et_pb_post_nav][\/et_pb_column][\/et_pb_row][\/et_pb_section]<\/p>\n","protected":false},"excerpt":{"rendered":"<p>Kinder-NachmittagAn einem Nachmittag unterwegs mit Tropf und Tr\u00f6pfli.Leistungen: Es besteht die M\u00f6glichkeit an einem Mittwoch oder Samstag Nachmittag ein kunterbuntes Programm mit den 5 Kneipp-S\u00e4ulen zu erleben. Mal wird gekocht, mal werden Kr\u00e4uter gesucht und ein andermal werden die Kr\u00e4uter verarbeitet. Wir gehen mal wandern im nahe gelegenen Wald und machen danach ein Feuer im [&hellip;]<\/p>\n","protected":false},"author":1,"featured_media":3908,"comment_status":"open","ping_status":"closed","template":"","meta":{"_et_pb_use_builder":"on","_et_pb_old_content":"","_et_gb_content_width":""},"project_category":[75],"project_tag":[],"_links":{"self":[{"href":"https:\/\/www.kneippen4you.ch\/cms\/index.php?rest_route=\/wp\/v2\/project\/4343"}],"collection":[{"href":"https:\/\/www.kneippen4you.ch\/cms\/index.php?rest_route=\/wp\/v2\/project"}],"about":[{"href":"https:\/\/www.kneippen4you.ch\/cms\/index.php?rest_route=\/wp\/v2\/types\/project"}],"author":[{"embeddable":true,"href":"https:\/\/www.kneippen4you.ch\/cms\/index.php?rest_route=\/wp\/v2\/users\/1"}],"replies":[{"embeddable":true,"href":"https:\/\/www.kneippen4you.ch\/cms\/index.php?rest_route=%2Fwp%2Fv2%2Fcomments&post=4343"}],"version-history":[{"count":9,"href":"https:\/\/www.kneippen4you.ch\/cms\/index.php?rest_route=\/wp\/v2\/project\/4343\/revisions"}],"predecessor-version":[{"id":4372,"href":"https:\/\/www.kneippen4you.ch\/cms\/index.php?rest_route=\/wp\/v2\/project\/4343\/revisions\/4372"}],"wp:featuredmedia":[{"embeddable":true,"href":"https:\/\/www.kneippen4you.ch\/cms\/index.php?rest_route=\/wp\/v2\/media\/3908"}],"wp:attachment":[{"href":"https:\/\/www.kneippen4you.ch\/cms\/index.php?rest_route=%2Fwp%2Fv2%2Fmedia&parent=4343"}],"wp:term":[{"taxonomy":"project_category","embeddable":true,"href":"https:\/\/www.kneippen4you.ch\/cms\/index.php?rest_route=%2Fwp%2Fv2%2Fproject_category&post=4343"},{"taxonomy":"project_tag","embeddable":true,"href":"https:\/\/www.kneippen4you.ch\/cms\/index.php?rest_route=%2Fwp%2Fv2%2Fproject_tag&post=4343"}],"curies":[{"name":"wp","href":"https:\/\/api.w.org\/{rel}","templated":true}]}}

<p>[et_pb_section fb_built=&#8220;1&#8243; _builder_version=&#8220;4.14.7&#8243; _module_preset=&#8220;default&#8220; global_colors_info=&#8220;{}&#8220;][et_pb_row _builder_version=&#8220;4.14.7&#8243; _module_preset=&#8220;default&#8220; global_colors_info=&#8220;{}&#8220;][et_pb_column type=&#8220;4_4&#8243; _builder_version=&#8220;4.14.7&#8243; _module_preset=&#8220;default&#8220; global_colors_info=&#8220;{}&#8220;][et_pb_text admin_label=&#8220;Überschrift&#8220; _builder_version=&#8220;4.14.7&#8243; _module_preset=&#8220;default&#8220; header_text_align=&#8220;center&#8220; header_2_text_align=&#8220;center&#8220; global_colors_info=&#8220;{}&#8220;]</p>
<h1>Kinder-Nachmittag</h1>
<p>[/et_pb_text][et_pb_text admin_label=&#8220;Zwischenunterschrift&#8220; _builder_version=&#8220;4.14.7&#8243; _module_preset=&#8220;default&#8220; text_font_size=&#8220;20px&#8220; text_orientation=&#8220;center&#8220; global_colors_info=&#8220;{}&#8220;]</p>
<p>An einem Nachmittag unterwegs mit Tropf und Tröpfli.</p>
<p>[/et_pb_text][et_pb_divider color=&#8220;#F4A700&#8243; divider_weight=&#8220;6px&#8220; admin_label=&#8220;Teiler&#8220; _builder_version=&#8220;4.14.7&#8243; _module_preset=&#8220;default&#8220; width=&#8220;17%&#8220; module_alignment=&#8220;center&#8220; global_colors_info=&#8220;{}&#8220;][/et_pb_divider][/et_pb_column][/et_pb_row][et_pb_row admin_label=&#8220;Bild &#8220; _builder_version=&#8220;4.14.7&#8243; _module_preset=&#8220;default&#8220; background_image=&#8220;https://www.kneippen4you.ch/cms/wp-content/uploads/2022/02/M85_5096.jpg&#8220; global_colors_info=&#8220;{}&#8220;][et_pb_column type=&#8220;4_4&#8243; _builder_version=&#8220;4.14.7&#8243; _module_preset=&#8220;default&#8220; global_colors_info=&#8220;{}&#8220;][et_pb_divider show_divider=&#8220;off&#8220; _builder_version=&#8220;4.14.7&#8243; _module_preset=&#8220;default&#8220; custom_padding=&#8220;||500px||false|false&#8220; global_colors_info=&#8220;{}&#8220;][/et_pb_divider][/et_pb_column][/et_pb_row][/et_pb_section][et_pb_section fb_built=&#8220;1&#8243; _builder_version=&#8220;4.14.7&#8243; _module_preset=&#8220;default&#8220; global_colors_info=&#8220;{}&#8220;][et_pb_row column_structure=&#8220;1_2,1_2&#8243; _builder_version=&#8220;4.14.7&#8243; _module_preset=&#8220;default&#8220; global_colors_info=&#8220;{}&#8220;][et_pb_column type=&#8220;1_2&#8243; _builder_version=&#8220;4.14.7&#8243; _module_preset=&#8220;default&#8220; global_colors_info=&#8220;{}&#8220;][et_pb_text admin_label=&#8220;Leistungen&#8220; _builder_version=&#8220;4.14.7&#8243; _module_preset=&#8220;default&#8220; global_colors_info=&#8220;{}&#8220;]</p>
<h2>Leistungen:</h2>
<p>Es besteht die Möglichkeit an einem Mittwoch oder Samstag Nachmittag ein kunterbuntes Programm mit den 5 Kneipp-Säulen zu erleben.</p>
<p>Mal wird gekocht, mal werden Kräuter gesucht und ein andermal werden die Kräuter verarbeitet. Wir gehen mal wandern im nahe gelegenen Wald und machen danach ein Feuer im Kneippgarten. Natürlich müssen wir die Wasseranwendungen vom Pfarrer Sebastian Kneipp kennen lernen &#8211; das macht immer am meisten Spass. Weil diese Aktivitäten den Appetit anregen, wird immer was gesundes &#8222;geknabbert&#8220;. Auf jeden Fall dürfen die Geschichten von Tropf und Tröpfli nicht fehlen &#8211; die begleiten uns an einem solchen Nachmittag.</p>
<p>Bei schönem Wetter sind wir immer draussen und bei Regen drinnen.</p>
<p>Es können kleine Gruppen durch Mamis organisiert werden oder achten Sie die Ausschreibung in der lokalen Zeitung.</p>
<p>&nbsp;</p>
<p>[/et_pb_text][/et_pb_column][et_pb_column type=&#8220;1_2&#8243; _builder_version=&#8220;4.14.7&#8243; _module_preset=&#8220;default&#8220; global_colors_info=&#8220;{}&#8220;][et_pb_text admin_label=&#8220;Aufenthaltsdauer und Preis:&#8220; _builder_version=&#8220;4.14.7&#8243; _module_preset=&#8220;default&#8220; global_colors_info=&#8220;{}&#8220;]</p>
<h2>Dauer und Preis:</h2>
<p>[/et_pb_text][et_pb_text admin_label=&#8220;Preis und Datum&#8220; _builder_version=&#8220;4.14.7&#8243; _module_preset=&#8220;default&#8220; text_font=&#8220;||||||||&#8220; text_text_color=&#8220;#000000&#8243; header_font=&#8220;|700|||||||&#8220; header_text_color=&#8220;#BC1A1A&#8220; header_2_text_color=&#8220;#737D0C&#8220; background_color=&#8220;rgba(115,125,12,0.07)&#8220; custom_padding=&#8220;20px|20px|20px|20px|false|false&#8220; border_width_all=&#8220;2px&#8220; border_color_all=&#8220;#737D0C&#8220; border_style_all=&#8220;dotted&#8220; global_colors_info=&#8220;{}&#8220;]</p>
<p><strong>Dauer:</strong> 4 Stunden  (14 – 18 Uhr)</p>
<h1>CHF 25.—</h1>
<p>pro Kind (inkl. z&#8217;Vieri)</p>
<p>Dieser Anlass ist geeignet für Kinder von 5 – 12 Jahren.<br />Durchführung mit mind. 4 Kindern max. 8 Kindern<br /><strong>Treffpunkt</strong> ist am Rain 15 in 8222 Beringen.</p>
<p>Bitte vorher telefonisch oder per Email anmelden.</p>
<p>[/et_pb_text][et_pb_button button_url=&#8220;@ET-DC@eyJkeW5hbWljIjp0cnVlLCJjb250ZW50IjoicG9zdF9saW5rX3VybF9wYWdlIiwic2V0dGluZ3MiOnsicG9zdF9pZCI6IjQxOCJ9fQ==@&#8220; button_text=&#8220;Weitere Arrangements&#8220; button_alignment=&#8220;left&#8220; admin_label=&#8220;Button Weitere Arrangements&#8220; _builder_version=&#8220;4.14.7&#8243; _dynamic_attributes=&#8220;button_url&#8220; _module_preset=&#8220;default&#8220; custom_button=&#8220;on&#8220; button_text_size=&#8220;18px&#8220; button_text_color=&#8220;#737D0C&#8220; button_bg_color=&#8220;#FFFFFF&#8220; global_colors_info=&#8220;{}&#8220;][/et_pb_button][/et_pb_column][/et_pb_row][et_pb_row column_structure=&#8220;1_3,1_3,1_3&#8243; _builder_version=&#8220;4.14.7&#8243; _module_preset=&#8220;default&#8220; global_colors_info=&#8220;{}&#8220;][et_pb_column type=&#8220;1_3&#8243; _builder_version=&#8220;4.14.7&#8243; _module_preset=&#8220;default&#8220; global_colors_info=&#8220;{}&#8220;][/et_pb_column][et_pb_column type=&#8220;1_3&#8243; _builder_version=&#8220;4.14.7&#8243; _module_preset=&#8220;default&#8220; global_colors_info=&#8220;{}&#8220;][et_pb_divider show_divider=&#8220;off&#8220; _builder_version=&#8220;4.14.7&#8243; _module_preset=&#8220;default&#8220; global_colors_info=&#8220;{}&#8220;][/et_pb_divider][et_pb_button button_url=&#8220;https://www.kneippen4you.ch/cms/?page_id=418#anmeldung&#8220; button_text=&#8220;Anmeldung&#8220; button_alignment=&#8220;center&#8220; admin_label=&#8220;Button Anmeldung&#8220; _builder_version=&#8220;4.14.7&#8243; _module_preset=&#8220;default&#8220; custom_button=&#8220;on&#8220; button_text_size=&#8220;20px&#8220; button_text_color=&#8220;#FFFFFF&#8220; button_bg_color=&#8220;#737D0C&#8220; button_font=&#8220;|700||on|||||&#8220; global_colors_info=&#8220;{}&#8220;][/et_pb_button][/et_pb_column][et_pb_column type=&#8220;1_3&#8243; _builder_version=&#8220;4.14.7&#8243; _module_preset=&#8220;default&#8220; global_colors_info=&#8220;{}&#8220;][/et_pb_column][/et_pb_row][et_pb_row _builder_version=&#8220;4.14.7&#8243; _module_preset=&#8220;default&#8220; global_colors_info=&#8220;{}&#8220;][et_pb_column type=&#8220;4_4&#8243; _builder_version=&#8220;4.14.7&#8243; _module_preset=&#8220;default&#8220; global_colors_info=&#8220;{}&#8220;][et_pb_post_nav _builder_version=&#8220;4.14.7&#8243; _module_preset=&#8220;default&#8220; global_colors_info=&#8220;{}&#8220;][/et_pb_post_nav][/et_pb_column][/et_pb_row][/et_pb_section]</p>

<p>Kinder-NachmittagAn einem Nachmittag unterwegs mit Tropf und Tröpfli.Leistungen: Es besteht die Möglichkeit an einem Mittwoch oder Samstag Nachmittag ein kunterbuntes Programm mit den 5 Kneipp-Säulen zu erleben. Mal wird gekocht, mal werden Kräuter gesucht und ein andermal werden die Kräuter verarbeitet. Wir gehen mal wandern im nahe gelegenen Wald und machen danach ein Feuer im [&hellip;]</p>
